 = -5 - j. Let k = -13 - t. What is the remainder when 26 is divided by k?
2
Let s be (8 - -2)/(90/108). Suppose 40 = 4*o - s. Calculate the remainder when 386 is divided by o.
9
Suppose -6*f + 58 = -5*b - 4*f, 0 = -5*b - f - 46. Suppose 8*w + 292 = 3*w - 4*c, -5*c = -5*w - 310. Calculate the remainder when b/4*w/25 is divided by 3.
0
What is the remainder when 649 is divided by (21/(-14) + (-52)/(-40))/(1/(-205))?
34
Let w = -8 + 33. Suppose -1 = f, -97*h + 2*f = -101*h + 1274. What is the remainder when h is divided by w?
19
Let w = -65 - -77. Let p be (-1)/(-9)*-25 - w/54. Calculate the remainder when 38 is divided by p/9 - (-134)/6.
16
Suppose 57 = 3*u - 3*n, -2*u - 3 + 51 = 3*n. Suppose -5*l = y - 158, 0 = -2*l - 5*y + 56 + u. What is the remainder when 122 is divided by l?
29
Suppose 7704 = -4*g + 76*g. Let o be 102 + (-1 - (-2 + 1)). Let h = g - o. What is the remainder when 94 is divided by h?
4
Let c(z) = 4*z**2 + 66*z - 500. Calculate the remainder when 308 is divided by c(7).
150
Let r(f) = 3 + 10*f + 9*f**2 + 160*f - 175*f - 20 - f**3. Suppose -2*x + 4*x - 16 = 0. What is the remainder when 25 is divided by r(x)?
4
Let v = -12862 - -13634. Calculate the remainder when v is divided by 160.
132
Suppose 5*u - 5 = -4*s, 5*u - 5 = -2*s - 0*u. Let z be (-60)/18*(-9 - s). What is the remainder when 53 is divided by z + 4/(2 + -6)?
24
Suppose 1053*s - 24156 = 1020*s. What is the remainder when s is divided by 32?
28
Let l = 480 - 193. Suppose 0*f = 7*f - l. What is the remainder when f is divided by 7?
6
Suppose 19 + 1 = -4*j, 5*h + 140 = j. Let g(v) = v**3 + 30*v**2 + 28*v + 28. Calculate the remainder when g(h) is divided by 30.
27
Suppose -52*r - 13475 = 12*r - 113*r. What is the remainder when r is divided by 6?
5
Let l = 2250 + -2248. Let a = 3 - -2. Suppose 4*f - 2*n = f + 101, -l*n = a*f - 147. What is the remainder when f is divided by 19?
12
Suppose 2*i - 104 = 2*x, i = -3*i - 2*x + 208. Let m be i/6*6*4/16. Suppose -m*p + 12*p = -23. What is the remainder when 42 is divided by p?
19
Let n = 13 + 1. What is the remainder when 36 + 506/(-92)*2 is divided by n?
11
Suppose 5*f - 6*f = 2*y - 1255, -4*y - 8 = 0. What is the remainder when f is divided by 6?
5
Suppose 43*r = 37*r - 1848. Calculate the remainder when 1/(2/(-28)*44/r) is divided by ((-9)/3 - -2) + 52.
47
Let f be -2 + (1 - -3) + -29. Let s = 67 + f. Suppose r + 5*b - 37 = 0, -r - b = 2*b - 31. Calculate the remainder when s is divided by r.
18
Let n = -1270 - -1334. Let d(w) = -28*w**2 + w. Let q be d(-1). Let b = n - q. Calculate the remainder when b is divided by 27.
12
Suppose -11*a - 156 = -508. What is the remainder when 86 is divided by a?
22
Suppose 86*o + 8987 = 55*o + 50*o. Calculate the remainder when o is divided by 122.
107
Suppose -y = -6*s + 11*s - 155, -3*s + 4*y = -116. What is the remainder when -3 + (-1912)/(-11) - 22/(-121) is divided by s?
11
What is the remainder when 374 is divided by (-48)/40 - 1544/(-20)?
70
Suppose j + 3 = 0, 4*d - 49 = -0*j - j. Let z(o) = o + 15. Let l be z(d). Let f = l - 13. What is the remainder when 72 is divided by f?
12
Let v(z) = 24*z**2 - 147*z - 1824. Calculate the remainder when v(-14) is divided by 26.
24
Let u(j) = 2*j**3 + 43*j**2 - 69*j + 78. Calculate the remainder when 278 is divided by u(-23).
44
Let c be ((-235)/(-25) + 1)/((-2)/25). Let h = 136 + c. Calculate the remainder when 10 is divided by h.
4
Suppose 31*t + 2 = 32*t. Suppose -5*z + 255 = -t*y - 2*y, -180 = -3*z - 3*y. What is the remainder when 161 is divided by z?
51
Let j = -17120 + 17150. What is the remainder when 10255 is divided by j?
25
Let p = 36 + -12. Let h(z) = z + 16. Calculate the remainder when h(13) is divided by (-1*1/(-3))/(2/p).
1
Suppose -26*t - 777 = -33*t. Let n = -71 + t. Calculate the remainder when n is divided by 16.
8
Let x(z) = -8*z - 13. Let q(i) = 7*i + 13. Let k(p) = 6*q(p) + 5*x(p). Let l(t) = -15*t + 202. What is the remainder when l(11) is divided by k(0)?
11
Calculate the remainder when 139 is divided by (-7)/((-168)/(-18))*(5 - (-187)/(-3)).
10
Suppose -2*r - 4*a + 828 = 0, 3*a = -4 - 2. Calculate the remainder when r is divided by 19.
0
Suppose 5*a - 2*s - 1429 = 0, 92*s = 89*s + 9. Calculate the remainder when a is divided by 24.
23
Suppose -8*a - 12 = -4*a - 4*u, 2*a = 4*u. What is the remainder when ((-50)/a)/((7 + -3)/24) is divided by 13?
11
Let g = 62 - 53. Suppose -g*a + 228 = -5*a. Let t = -56 + a. Calculate the remainder when 2 is divided by t.
0
Suppose -58*p - 115*p + 837725 = 2*p. Calculate the remainder when p is divided by 126.
125
Calculate the remainder when 251 is divided by ((464/12)/2)/(74/111).
19
Let r = 356 - 243. Let n = r + -90. What is the remainder when n is divided by 2/(-3)*(-6 - 6)?
7
Let k = 2863 + -2838. Calculate the remainder when 30 is divided by k.
5
Suppose -12*n = 2*n - 28. Suppose -4*h + 5*j + 0*j = -525, 652 = 5*h - n*j. Calculate the remainder when h is divided by 27.
22
Suppose -141021 = -55*h - 387*h + 15447. Calculate the remainder when 943 is divided by h.
235
Suppose -3*q - 5*b + 39 = -7*b, -2*q + 4*b = -26. Suppose -2*z + q*z = 242. What is the remainder when 62 is divided by z?
18
Suppose 40*x - 5*x - 2380 = 0. Suppose 69*m - x*m - 15 = 0. What is the remainder when (-1)/(-3) - 256/(-6) is divided by m?
13
Suppose 7*p = -27*p + 823 + 707. What is the remainder when 1438 is divided by p?
43
Suppose 3*u - 5*n - 3508 - 4218 = 0, -4*u = 5*n - 10278. What is the remainder when u is divided by 56?
52
Let k(q) = q**3 + 17*q**2 + 7*q - 29. What is the remainder when k(-15) is divided by 33?
19
Let k(o) be the second derivative of o**4/12 - 2*o**3 + 20*o**2 - 5*o + 3. What is the remainder when 21 is divided by k(8)?
5
Suppose -33 - 23 = -648*q + 647*q. What is the remainder when q is divided by 31?
25
Let f be (-1 - 1 - -1)*-1*8. Suppose -5*m = -5*l - 35, 0 = 2*m + l - 12 - f. Suppose 11*g - m = 8*g. What is the remainder when 8 is divided by g?
2
Suppose -611*z + 4066 = 400. What is the remainder when 5890 is divided by z?
4
Suppose -2*w + 12 = 2*x, 4*x + w - 16 - 26 = 0. Calculate the remainder when 3645 is divided by x.
9
Let d(j) = -2*j**2 - 153*j - 843. What is the remainder when 11 is divided by d(-6)?
2
Let j(i) = i + 33. Let g be j(-25). Suppose 62 + 26 = g*l. Let c = l + 24. Calculate the remainder when c is divided by 20.
15
Suppose 5*n = 4*w, -10*w + 6*w = -2*n - 12. Suppose -n*u + 4*s + 196 = 28, -2*s + 156 = 4*u. What is the remainder when u is divided by 13?
1
What is the remainder when (-2 - 60 - -44)/(1/(-11)*2) is divided by 35?
29
Let t(p) = -694*p + 4182. Suppose z - 3*z = d + 233, 0 = -3*z + d - 362. Let w = -66 - z. What is the remainder when w is divided by t(6)?
17
Let h = 30304 + -30133. What is the remainder when 291 is divided by h?
120
Suppose -8581 = 10*r - 26151. What is the remainder when r is divided by 572?
41
Suppose -5*l = -3*l - 1493 - 953. Calculate the remainder when l is divided by 35.
33
Let u be 6/(-48)*6 + (-186)/8. Let z be (-78)/u*3*4. Suppose 22*i = 23*i - z. Calculate the remainder when i is divided by 10.
9
Let c(o) = 8*o**2 + 10*o - 9. Let g(s) = -s**3 - 9*s**2 + 12*s + 15. Let k be g(-10). What is the remainder when c(k) is divided by 37?
30
Suppose 4 = 2*b - 0*b. Suppose -6*v + 2*v = -4*l - 488, l - 232 = -b*v. What is the remainder when v is divided by (1 + -2)/(((-10)/55)/2)?
8
Suppose 2*z - 5*c - 300 = 0, -160 = -75*z + 74*z + 5*c. Let m = z + -105. Calculate the remainder when m is divided by 23.
12
Let x = 3106 + -2563. Calculate the remainder when x is divided by 43.
27
Let t = 6 + -2. Suppose t*x - 9 = x. What is the remainder when (4/(-6))/((-106)/(-7155)*(-1 - 4)) is divided by x?
0
What is the remainder when 4 is divided by (-32)/(-11) + (-76)/(-836)?
1
Let x = 126 + -117. Suppose 144 = -x*l + 396. Calculate the remainder when l is divided by 1/2 - 22/(-4).
4
Suppose 0 = 2*w + 10 - 24. Let s = w - 4. Let h = 11 - s. What is the remainder when 43 is divided by h?
3
Let x(d) = d**3 - 8*d**2 - 21*d + 10. Let s be x(10). Let n(h) = -2*h + 4. Suppose -3*v = -5*v + 46. What is the remainder when v is divided by n(s)?
3
Suppose -156 = -4*p + 3*z, 0 = -p - 0*p + z + 40. Let s be (0 + -1 + 3)*(-6300)/(-120). Suppose 34*l - s 